s be w(11). What is the highest common factor of 102 and s?
51
Let v(j) = j - 3. Let t be v(6). Suppose -5*u + z + 57 = -101, 98 = 3*u + z. Let s = u - 5. What is the greatest common factor of t and s?
3
Suppose -7*g - 182 = -1169. Calculate the greatest common factor of g and 329.
47
Let g be ((0 - -2) + 1)*(-13 - -14). Calculate the greatest common divisor of 15 and g.
3
Suppose 6*h = h. Suppose -3*f + 3*v + 55 = -113, h = 4*v - 4. Let s be f/5 - 4/10. What is the greatest common divisor of s and 88?
11
Let k be (0 - -6)*(-14 - -558)/1. What is the greatest common factor of 12 and k?
12
Let u be (-42 - -34)*(2 - 94). What is the highest common divisor of u and 46?
46
Suppose w - 3 + 1 = 0. Suppose w*s + 18 = 5*s + 3*c, -22 = -5*s - 3*c. Let m be (-21)/s*2/(-3). Calculate the highest common divisor of 1 and m.
1
Let i be (-274)/((-3 - (1 + -3)) + 0). Let b = i + -66. What is the greatest common divisor of b and 16?
16
Let i = -156 - -159. What is the greatest common factor of i and 6?
3
Let u = -103 - -73. Let w = u - -36. Calculate the highest common factor of w and 15.
3
Let x(s) = -s**3 - 24*s**2 - 6*s - 57. Let b be x(-24). Calculate the highest common factor of b and 319.
29
Let t be (40/70)/(3/(-369))*-7. What is the highest common divisor of t and 12?
12
Suppose -5*c + 2267 = 4*b - 1439, 3*c - 4*b = 2230. Calculate the highest common factor of 530 and c.
106
Let y(z) = 4*z - 1. Let f be y(1). Suppose 0 = 3*j + 3*s - 102, s + s + 117 = f*j. Suppose -j = -4*p + 19. Calculate the highest common divisor of 154 and p.
14
Suppose -5*p - 4 = 56. Let i = 19 + p. Calculate the highest common factor of i and 91.
7
Suppose -2248 = 24*m - 16864. Calculate the greatest common divisor of m and 42.
21
Let c(v) = v**3 + 11*v**2 + 3. Let p be c(-11). Suppose p*y - 6 = 3. Suppose -313 = -y*n - 61. What is the greatest common divisor of n and 21?
21
Suppose -1 = 2*t - 3. Let z be t/(-2) + 603/18. Let o = z + -13. What is the greatest common factor of o and 140?
20
Suppose 4*d - 4*f - 440 - 1380 = 0, 5*d + 2*f = 2282. What is the highest common divisor of d and 171?
57
Let n = -33 - -36. Suppose 4*t + 2*y - 3*y - 96 = 0, 4*y = -n*t + 91. What is the highest common divisor of 225 and t?
25
Let k(x) = -9*x**2 + 216*x + 3. Let w be k(24). Calculate the highest common divisor of 267 and w.
3
Let t = -137 + 157. Let u(v) = -v - 1. Let m be u(-6). Suppose -2*f = 7*j - 2*j - 6, -10 = m*f. What is the greatest common factor of j and t?
2
Suppose q - 8 = -0*q. Suppose 0 = 3*g - q*g + 100. Let i = -63 + 73. What is the highest common divisor of g and i?
10
Let w = -7 + 7. Let c be 9 + (w + -5 - -1). Suppose -z - 5*l = -15 - 2, 5*z - 185 = -c*l. Calculate the highest common factor of z and 6.
6
Suppose 67 = 2*m + 5*j, 4*m - m = 4*j + 112. Suppose -y = 4*n + 3*y - m, 0 = -3*n - 2*y + 22. What is the greatest common divisor of n and 36?
4
Let d be 156/7 - (-20)/910*-13. What is the highest common divisor of 22 and d?
22
Suppose -n = -5*n + 80. Let t(z) = -31*z - 1. Let g(y) = 4*y + 7. Let h be g(-2). Let x be t(h). Calculate the greatest common factor of x and n.
10
Suppose 7*d + 15 = 29. Let c(j) = j + 5. Let b be c(-5). Suppose 0 = -b*g - 3*g + 3. Calculate the highest common divisor of g and d.
1
Suppose -k + 720 = 8*k. Let p be (-6)/4*60/(-18). Suppose -5*z = 3*q - 96, -66 = p*q + 3*z - 226. What is the highest common divisor of q and k?
16
Let c = 454 + -442. Calculate the greatest common factor of 324 and c.
12
Let b be 1*((-3)/(-3) - -1). Suppose 2*a - 72 = -b*a. Let v = 707 - 698. What is the highest common divisor of a and v?
9
Let m be 4/1 - (36 - 0). Let o be 3/(0 - 6*4/m). Calculate the greatest common factor of o and 2.
2
Let z = 843 + -831. Calculate the greatest common factor of z and 8.
4
Let s = 378 - 343. What is the highest common factor of s and 455?
35
Let d = -231 - -770. What is the greatest common divisor of 11 and d?
11
Let z(r) = r**2 + 11*r + 28. Let i be z(-8). What is the greatest common factor of 1 and i?
1
Let r(f) = f**3 + 2*f**2 + 1. Let b be r(0). Let m = -45 + 46. Calculate the greatest common factor of b and m.
1
Let m(l) = -l**2 - 17*l + 18. Let g be m(-14). Calculate the highest common divisor of g and 60.
60
Let z = 17 - 13. Let w be -33*(z/(-4) + 0). What is the highest common factor of 66 and w?
33
Suppose 0 = -2*q + 18 + 378. Let a be (-4)/(-1) - (2 + 2). Let l be a + 2 + (-4 - -24). Calculate the highest common divisor of l and q.
22
Let b(y) = 8*y**2 - 2*y. Let q be b(2). Let z = -72 - -86. Suppose 0 = -2*r + 70 + z. Calculate the greatest common factor of q and r.
14
Let f(l) = 13*l + 4. Let s be f(-12). Let n be (-154)/35 - -4 - s/5. Calculate the greatest common factor of 10 and n.
10
Let v be (-53)/(-1*(-4)/(1*-44)). Calculate the greatest common divisor of 11 and v.
11
Let x be ((-431145)/(-30))/33 + 6/(-4). Calculate the greatest common factor of 154 and x.
14
Suppose 608 = 4*q + 4*b, 768 = 12*q - 7*q + 3*b. Calculate the greatest common factor of 36 and q.
12
Let v(k) = 2*k**2 - 5*k - 31. Let m be v(6). Calculate the highest common factor of m and 77.
11
Suppose 2*g = 5*f - 54, 4*f - 33 = 4*g + 15. What is the highest common divisor of f and 310?
10
Suppose -19*d = 302 - 5527. What is the greatest common divisor of 75 and d?
25
Let m = 226 + -107. Let c(v) = -9*v - 8. Let b be c(-6). Suppose 2*u = 2*r - 0*u - b, -5*r = -4*u - m. Calculate the greatest common factor of r and 189.
27
Suppose 3*f = r - 63, 17*f - 16*f + 241 = 4*r. What is the greatest common divisor of r and 330?
30
Let j(o) = -6*o - 32. Let d be j(-6). Suppose -5*p + d*p + 3 = 0, u - 20 = -3*p. Calculate the highest common divisor of u and 44.
11
Suppose -4*k = 6*r - 5*r - 55, -4*k = -2*r + 50. Calculate the greatest common divisor of 20 and r.
5
Let v be 5/(-1) - (-1 - -3). Let m(r) = r**2 + 7*r + 5. Let l be m(v). Suppose -11 = -l*d + 69. What is the highest common divisor of 16 and d?
16
Let z = -37 - -77. Suppose -5*q + 2*u = -289 - 219, 80 = q + 5*u. What is the highest common divisor of z and q?
20
Suppose 2*g - 20 - 4 = 5*h, 5*g = -h + 6. Suppose z + g*z - 54 = 0. Calculate the highest common divisor of z and 144.
18
Let d(f) = 13*f**2 - 2*f. Let i be d(-2). Suppose -3*g = -5*r + 1, 0*g + 4*g - 47 = -3*r. Calculate the greatest common factor of g and i.
8
Suppose -f = -63 + 14. Suppose -40*w + 553 = 39*w. Calculate the highest common divisor of f and w.
7
Let o = -123 - -179. Calculate the greatest common factor of o and 238.
14
Let v = -205 - -511. What is the greatest common divisor of v and 136?
34
Let r(f) = -f**3 - 2*f**2 + 3*f + 6. Let g be r(-3). Suppose -363 = -g*u + 891. Calculate the greatest common factor of u and 19.
19
Suppose 0 = -0*j - 3*j - 3*v + 708, 5*j - 1194 = 2*v. Suppose -137 = -3*h - 35. Calculate the highest common factor of h and j.
34
Let l = 1816 - 1656. Calculate the highest common factor of l and 192.
32
Let q(u) = -2*u**3 - u**2 + 43. Let r be q(0). What is the highest common divisor of r and 1032?
43
Suppose 4*j - 2*t - 12 = -4*t, -9 = -j - 2*t. Let g be (-5)/(j*(-2)/18). Suppose -g + 3 = -3*u. What is the highest common factor of 98 and u?
14
Suppose -5*t = -j - 33, j - 36 = -3*t - 13. Let g be 67/t - 12/21. Calculate the highest common factor of g and 1.
1
Let v be (-10)/(-60)*30 - -67. What is the greatest common factor of 96 and v?
24
Let g be 0 + -2 - -5 - (-1 - 60). Let r = g - 28. What is the greatest common factor of r and 24?
12
Suppose -100*p + 93*p = -868. Calculate the greatest common divisor of 186 and p.
62
Suppose -4*r + 63 + 27 = 2*s, -2*s + 5*r = -45. Let i = -19 - -24. Suppose -28 = i*p - 7*p. What is the highest common factor of s and p?
7
Let c be -2 + 5 + (-48)/(-4). Suppose 2*o = -2*n - 3*n - 10, -2*n + c = -3*o. Let l be 24 - o/(15/9). What is the highest common divisor of 108 and l?
27
Let l be 52/(-39) - ((-125)/15 + 1). What is the greatest common divisor of 42 and l?
6
Suppose 22*a - 14976 = -10*a. What is the greatest common divisor of 36 and a?
36
Let k = -118 + 156. Calculate the highest common factor of 76 and k.
38
Let u be 47 - 64/8 - 5. Calculate the greatest common divisor of u and 136.
34
Suppose 5*j - j = 20. Suppose 0 = -4*i - 3*i. Suppose 5*a + l = 102, i*a + 4*a = 4*l + 7